{"id":8432,"date":"2022-05-16T13:50:50","date_gmt":"2022-05-16T11:50:50","guid":{"rendered":"https:\/\/testweb.com.hr\/think-sport\/?post_type=product&#038;p=8432"},"modified":"2022-05-16T13:52:23","modified_gmt":"2022-05-16T11:52:23","slug":"vijaca","status":"publish","type":"product","link":"https:\/\/testweb.com.hr\/think-sport\/index.php\/product\/vijaca\/","title":{"rendered":"VIJA\u010cA"},"content":{"rendered":"<p>Podesivo fitness u\u017ee za preskakanje sa \u010deli\u010dnim le\u017eajem.<br \/>\nDimenzije: Duljina u\u017eeta: 275 cm .<\/p>\n","protected":false},"excerpt":{"rendered":"<p>Podesivo fitness u\u017ee za preskakanje sa \u010deli\u010dnim le\u017eajem.<br \/>\nDimenzije: Duljina u\u017eeta: 275 cm .<\/p>\n","protected":false},"featured_media":8435,"template":"","meta":{"inline_featured_image":false},"product_cat":[66],"product_tag":[],"class_list":["post-8432","product","type-product","status-publish","has-post-thumbnail","hentry","product_cat-proizvodi"],"_links":{"self":[{"href":"https:\/\/testweb.com.hr\/think-sport\/index.php\/wp-json\/wp\/v2\/product\/8432","targetHints":{"allow":["GET"]}}],"collection":[{"href":"https:\/\/testweb.com.hr\/think-sport\/index.php\/wp-json\/wp\/v2\/product"}],"about":[{"href":"https:\/\/testweb.com.hr\/think-sport\/index.php\/wp-json\/wp\/v2\/types\/product"}],"wp:featuredmedia":[{"embeddable":true,"href":"https:\/\/testweb.com.hr\/think-sport\/index.php\/wp-json\/wp\/v2\/media\/8435"}],"wp:attachment":[{"href":"https:\/\/testweb.com.hr\/think-sport\/index.php\/wp-json\/wp\/v2\/media?parent=8432"}],"wp:term":[{"taxonomy":"product_cat","embeddable":true,"href":"https:\/\/testweb.com.hr\/think-sport\/index.php\/wp-json\/wp\/v2\/product_cat?post=8432"},{"taxonomy":"product_tag","embeddable":true,"href":"https:\/\/testweb.com.hr\/think-sport\/index.php\/wp-json\/wp\/v2\/product_tag?post=8432"}],"curies":[{"name":"wp","href":"https:\/\/api.w.org\/{rel}","templated":true}]}}