{"id":3,"date":"2022-12-28T15:20:13","date_gmt":"2022-12-28T14:20:13","guid":{"rendered":"https:\/\/testweb.com.hr\/rentacar\/?page_id=3"},"modified":"2026-03-12T12:13:27","modified_gmt":"2026-03-12T11:13:27","slug":"izjava-o-privatnosti","status":"publish","type":"page","link":"https:\/\/testweb.com.hr\/rentacar\/izjava-o-privatnosti\/","title":{"rendered":"Izjava o privatnosti"},"content":{"rendered":"\t\t<div data-elementor-type=\"wp-page\" data-elementor-id=\"3\" class=\"elementor elementor-3\">\n\t\t\t\t\t\t\t\t\t<section class=\"elementor-section elementor-top-section elementor-element elementor-element-532023e7 elementor-section-boxed elementor-section-height-default elementor-section-height-default\" data-id=\"532023e7\" data-element_type=\"section\">\n\t\t\t\t\t\t<div class=\"elementor-container elementor-column-gap-default\">\n\t\t\t\t\t<div class=\"elementor-column elementor-col-100 elementor-top-column elementor-element elementor-element-1e1612c2\" data-id=\"1e1612c2\" data-element_type=\"column\">\n\t\t\t<div class=\"elementor-widget-wrap elementor-element-populated\">\n\t\t\t\t\t\t\t\t<div class=\"elementor-element elementor-element-17c393b0 elementor-widget elementor-widget-text-editor\" data-id=\"17c393b0\" data-element_type=\"widget\" data-widget_type=\"text-editor.default\">\n\t\t\t\t<div class=\"elementor-widget-container\">\n\t\t\t<style>\/*! elementor - v3.9.2 - 21-12-2022 *\/\n.elementor-widget-text-editor.elementor-drop-cap-view-stacked .elementor-drop-cap{background-color:#818a91;color:#fff}.elementor-widget-text-editor.elementor-drop-cap-view-framed .elementor-drop-cap{color:#818a91;border:3px solid;background-color:transparent}.elementor-widget-text-editor:not(.elementor-drop-cap-view-default) .elementor-drop-cap{margin-top:8px}.elementor-widget-text-editor:not(.elementor-drop-cap-view-default) .elementor-drop-cap-letter{width:1em;height:1em}.elementor-widget-text-editor .elementor-drop-cap{float:left;text-align:center;line-height:1;font-size:50px}.elementor-widget-text-editor .elementor-drop-cap-letter{display:inline-block}<\/style>\t\t\t\t<p>Va\u0161a privatnost i sigurnost va\u0161ih podataka su nam va\u017eni. U skladu sa zakonskim propisima o za\u0161titi osobnih podataka, posebice novoj Europskoj op\u0107oj uredbi o za\u0161titi podataka (GDPR), koja je stupila na snagu 25. svibnja 2018. godine i zakonu o provedbi Op\u0107e uredbe o za\u0161titi podataka, du\u017eni smo vas obavijestiti o tome kako postupamo s va\u0161im osobnim podacima. Na\u0161i IT sustavi za\u0161ti\u0107eni su od neovla\u0161tenog pristupa, izmjene ili \u0161irenja va\u0161ih podataka, kao i gubitka ili brisanja tehni\u010dkim i organizacijskim mjerama. Ova pravila privatnosti obja\u0161njavaju:<\/p><ul><li>Ime i podaci upravitelja obrade podataka<\/li><li>\u0160to su osobni podaci?<\/li><li>Koje podatke prikupljamo i kako ih koristimo?<\/li><li>Pravna osnova za prikupljanje va\u0161ih osobnih podataka<\/li><li>Za\u0161tita podataka<\/li><li>Va\u0161a prava i izbori<\/li><li>\u0160to su \u201ckola\u010di\u0107i\u201d i za\u0161to ih koristimo?<\/li><li>Za\u0161to morate prihvatiti uvjete iz Izjave o privatnosti?<\/li><li>Kontakt<\/li><\/ul><h2>Ime i podaci upravitelja obrade<\/h2><p>Odgovornost za obradu osobnih podataka kao upravitelja obrade snosi: <br \/><br \/><\/p><h2>\u0160to su osobni podaci?<\/h2><p>Op\u0107a deklaracija definira \u201cosobne podatke\u201d kao sve podatke koji se odnose na pojedinca \u010diji je identitet identificiran ili se mo\u017ee identificirati. Osoba \u010diji se identitet mo\u017ee identificirati je osoba koja se mo\u017ee identificirati izravno ili neizravno, osobito uz pomo\u0107 identifikatora kao \u0161to su ime, prezime, identifikacijski broj (npr. OIB), informacije o lokaciji, identifikator mre\u017ee (npr. IP adresa) ili s pomo\u0107i jednog ili vi\u0161e \u010dimbenika koji su svojstveni fizi\u010dkom, fiziolo\u0161kom, genetskom, mentalnom, ekonomskom, kulturnom ili socijalnom identitetu tog pojedinca.<\/p><h2>Koje podatke prikupljamo i kako ih koristimo?<\/h2><p>Prikupljamo samo osobne podatke koje \u017eelite pru\u017eiti ili osobne podatke potrebne za pru\u017eanje i \/ ili pobolj\u0161anje usluge. Podaci se prikupljaju i primaju putem na\u0161e stranice. Va\u0161i osobni podaci su nam izravno dostavljeni (na primjer, kada nam se obra\u0107ate ili pomo\u0107u kola\u010di\u0107a kako bismo razumjeli kako koristite na\u0161e web stranice i aplikacije) .Mo\u017eete nam dati svoju adresu e-po\u0161te, ime, telefon broj i druge informacije kako bismo vam mogli pru\u017eiti informacije o na\u0161im uslugama, anketama ili jednostavno ako \u017eelite primati informacije o radnjama, popustima i\/ili drugim aktivnostima i ponudama. Va\u0161e osobne podatke koristimo isklju\u010divo u poslovne svrhe, kao i za upravljanje, podr\u0161ku i povratne informacije o pru\u017eenoj usluzi, kao i za sprje\u010davanje kr\u0161enja sigurnosti, zakona ili ugovornih uvjeta. <strong>\u00a0<\/strong><\/p><h2>Pravna osnova za prikupljanje va\u0161ih osobnih podataka<\/h2><p>Ovisno o svrsi prikupljanja i obrade va\u0161ih osobnih podataka, pravni temelj va\u0161e obrade podataka mo\u017ee biti: va\u0161 pristanak, legitimni interes na\u0161e tvrtke (pobolj\u0161anje na\u0161ih proizvoda i usluga, sprje\u010davanje prijevara, osiguranje i odr\u017eavanje alata kao \u0161to su web-lokacije \/ ure\u0111aji siguran za uporabu), izvr\u0161enje ugovora ili usluge koju ste zatra\u017eili i propisi koji zahtijevaju obradu osobnih podataka. <strong>\u00a0<\/strong><\/p><h2>Za\u0161tita podataka<\/h2><p>Koristimo tehni\u010dke i organizacijske sigurnosne mjere za za\u0161titu va\u0161ih osobnih podataka od nezakonitog ili neovla\u0161tenog pristupa ili uporabe, kao i od slu\u010dajnog gubitka podataka. Na\u0161i partneri za obradu podataka mogu obraditi va\u0161e osobne podatke samo podlo\u017eno gore navedenim tehni\u010dkim i organizacijskim sigurnosnim mjerama. Va\u0161i osobni podaci za\u0161ti\u0107eni su od neovla\u0161tene ili nezakonite obrade te od slu\u010dajnog gubitka, uni\u0161tenja ili o\u0161te\u0107enja. \u00a0<\/p><h2>Va\u0161a prava i mogu\u0107nosti<\/h2><p>\u0160to se ti\u010de prikupljanja i obrade va\u0161ih osobnih podataka, imate sljede\u0107a prava koja smo du\u017eni pru\u017eiti:<\/p><ul><li>Pravo na pristup<\/li><li>Pravo na popravljanje podataka<\/li><li>Pravo na brisanje podataka<\/li><li>Pravo na ograni\u010davanje obrade podataka<\/li><li>Pravo na prigovor<\/li><li>Pravo na prenosivost podataka<\/li><li>Podno\u0161enje pritu\u017ebi nadzornom tijelu<\/li><li>Pravo na povla\u010denje pristanka<\/li><\/ul><p>Imate pravo dobiti od nas potvrdu da li se va\u0161i osobni podaci obra\u0111uju i, ako su obra\u0111eni, pristup osobnim podacima i sljede\u0107im podacima: svrha obrade, kategorije osobnih podataka, primatelji osobnih podataka (kao i sve druge informacije u skladu s s va\u017ee\u0107im propisima). Ako se podaci prenose i obra\u0111uju izvan EU-a, imate pravo na informacije o posebnim mjerama za\u0161tite. Kada je mogu\u0107e, mo\u017eete dobiti kopiju osobnih podataka koji se obra\u0111uju. Imate pravo od nas tra\u017eiti ispravak, brisanje ili ograni\u010denje obrade osobnih podataka koji se odnose na vas, bez nepotrebnog ka\u0161njenja. Uzimaju\u0107i u obzir svrhu obrade, imate pravo dopuniti nepotpune osobne podatke, uklju\u010duju\u0107i i dodatne izjave. Tako\u0111er imate pravo na prenosivost va\u0161ih osobnih podataka. Imate pravo u bilo kojem trenutku podnijeti pritu\u017ebu u vezi s obradom osobnih podataka koji se odnose na vas, na temelju va\u0161e konkretne situacije. Mo\u017eete se usprotiviti kori\u0161tenju va\u0161ih osobnih podataka u svrhu izravnog marketinga i protiviti se automatskoj obradi. Svoju suglasnost za obradu osobnih podataka mo\u017eete povu\u0107i u bilo kojem trenutku bez utjecaja na zakonitost obrade koja se temelji na va\u0161em pristanku prije povla\u010denja. Ako \u017eelite povu\u0107i svoj pristanak, molimo kontaktirajte na\u0161u kontakt osobu zadu\u017eenu za za\u0161titu podataka (pogledajte odjeljak u nastavku). Tako\u0111er imate pravo podnijeti pritu\u017ebu nadzornom tijelu. \u00a0<\/p><h2>\u0160to su \u201ckola\u010di\u0107i\u201d i za\u0161to ih koristimo?<\/h2><p>Kola\u010di\u0107i su nevidljivi dokumenti koji su trenutno spremljeni na va\u0161em tvrdom disku i omogu\u0107uju dobavlja\u010du da sljede\u0107i put prepozna web-mjesto va\u0161eg ra\u010dunala. Prodavatelj koristi kola\u010di\u0107e samo za prikupljanje informacija koje se koriste za kori\u0161tenje web stranice i za optimiziranje aktivnosti ogla\u0161avanja na Internetu. Svaki kola\u010di\u0107 ima svoj rok trajanja. Zahvaljuju\u0107i kola\u010di\u0107ima, mo\u017eemo pratiti put korisnika kroz razli\u010dite dijelove na\u0161e web stranice i putem drugih web stranica. Kola\u010di\u0107i mogu pobolj\u0161ati komunikaciju izme\u0111u va\u0161eg poslu\u017eitelja i ra\u010dunala, \u0161to olak\u0161ava kori\u0161tenje na\u0161e web stranice. Kroz va\u0161 preglednik imate mogu\u0107nost prikazivanja kola\u010di\u0107a s va\u0161eg ra\u010dunala, brisanja postoje\u0107ih kola\u010di\u0107a ili pode\u0161avanja konfiguracije tako da svatko uop\u0107e ne sprema ili sprema kola\u010di\u0107e. \u00a0<\/p><h2>Za\u0161to morate prihvatiti uvjete u Izjavi o privatnosti?<\/h2><p>Kada posjetite na\u0161u internetsku stranicu, kao i putem elektroni\u010dke komunikacije, pristajete na obradu va\u0161ih osobnih podataka i pristajete na njih na na\u010din kako je navedeno u ovoj Izjavi o privatnosti. Ako ste zainteresirani za pru\u017eanje odre\u0111enih usluga, uzet \u0107emo dodatne osobne podatke (ime, prezime, adresu i e-mail adresu). U tom slu\u010daju, tra\u017eit \u0107emo va\u0161 pristanak na prikupljanje i kori\u0161tenje va\u0161ih osobnih podataka, koji \u0107e se koristiti isklju\u010divo u svrhu za koju ste nam dali. Ako imate pitanja u vezi s ovom Izjavom o privatnosti, kontaktirajte nas i rado \u0107emo odgovoriti na sva va\u0161a pitanja.<\/p><h2>Kontakt<\/h2><p>Za osnovne informacije, iskori\u0161tavanje svojih prava ili bilo kakva pitanja u vezi s ovom Izjavom o privatnosti, mo\u017eete kontaktirati na\u0161u korisni\u010dku podr\u0161ku putem e-po\u0161te na <a href=\"mailto:mailto:tipazcanada@gmail.com\"><span class=\"text\">tipazcanada@gmail.com<\/span><\/a>. Mi \u0107emo obraditi va\u0161e upite i zahtjeve bez nepotrebnog odga\u0111anja i u skladu sa zakonskim obvezama, te \u0107emo vas obavijestiti o mjerama koje smo poduzeli.<\/p>\t\t\t\t\t\t<\/div>\n\t\t\t\t<\/div>\n\t\t\t\t\t<\/div>\n\t\t<\/div>\n\t\t\t\t\t\t\t<\/div>\n\t\t<\/section>\n\t\t\t\t\t\t\t<\/div>\n\t\t","protected":false},"excerpt":{"rendered":"<p>Va\u0161a privatnost i sigurnost va\u0161ih podataka su nam va\u017eni. U skladu sa zakonskim propisima o za\u0161titi osobnih podataka, posebice novoj Europskoj op\u0107oj uredbi o za\u0161titi podataka (GDPR), koja je stupila na snagu 25. svibnja 2018. godine i zakonu o provedbi Op\u0107e uredbe o za\u0161titi podataka, du\u017eni smo vas obavijestiti o tome kako postupamo s va\u0161im [&hellip;]<\/p>\n","protected":false},"author":1,"featured_media":0,"parent":0,"menu_order":0,"comment_status":"closed","ping_status":"closed","template":"","meta":{"footnotes":""},"class_list":["post-3","page","type-page","status-publish","hentry"],"_links":{"self":[{"href":"https:\/\/testweb.com.hr\/rentacar\/wp-json\/wp\/v2\/pages\/3","targetHints":{"allow":["GET"]}}],"collection":[{"href":"https:\/\/testweb.com.hr\/rentacar\/wp-json\/wp\/v2\/pages"}],"about":[{"href":"https:\/\/testweb.com.hr\/rentacar\/wp-json\/wp\/v2\/types\/page"}],"author":[{"embeddable":true,"href":"https:\/\/testweb.com.hr\/rentacar\/wp-json\/wp\/v2\/users\/1"}],"replies":[{"embeddable":true,"href":"https:\/\/testweb.com.hr\/rentacar\/wp-json\/wp\/v2\/comments?post=3"}],"version-history":[{"count":15,"href":"https:\/\/testweb.com.hr\/rentacar\/wp-json\/wp\/v2\/pages\/3\/revisions"}],"predecessor-version":[{"id":3741,"href":"https:\/\/testweb.com.hr\/rentacar\/wp-json\/wp\/v2\/pages\/3\/revisions\/3741"}],"wp:attachment":[{"href":"https:\/\/testweb.com.hr\/rentacar\/wp-json\/wp\/v2\/media?parent=3"}],"curies":[{"name":"wp","href":"https:\/\/api.w.org\/{rel}","templated":true}]}}